mmon factor of 408864 and 8864.
32
What is the greatest common divisor of 972 and 877797?
81
Calculate the highest common factor of 290252 and 12245128.
1948
What is the highest common factor of 533068155 and 270?
135
What is the greatest common factor of 5200168 and 69373?
401
What is the greatest common divisor of 84331520 and 29440?
1280
What is the highest common factor of 4464 and 7700958?
558
What is the highest common divisor of 474488 and 444?
148
Calculate the greatest common factor of 2221107 and 669.
3
Calculate the greatest common factor of 18 and 2770273512.
18
What is the highest common divisor of 4 and 2053960?
4
What is the greatest common factor of 286995 and 1301415?
795
What is the highest common factor of 5671959 and 48211?
1303
What is the greatest common factor of 4715424 and 13608?
504
Calculate the greatest common factor of 141128 and 5664118.
2714
What is the greatest common factor of 420 and 28717710?
210
Calculate the highest common divisor of 3419 and 481611.
13
What is the highest common factor of 21 and 785951397?
21
Calculate the greatest common factor of 33 and 183238.
11
Calculate the greatest common factor of 2511 and 24738279.
93
What is the highest common divisor of 262961668 and 1196?
92
What is the highest common divisor of 13852982 and 1430?
286
Calculate the highest common factor of 2441218 and 6526.
26
What is the highest common factor of 696 and 159750?
6
What is the highest common divisor of 158016396 and 177?
177
Calculate the highest common divisor of 816270 and 2645188.
2366
What is the greatest common divisor of 13634232 and 39396?
804
Calculate the highest common divisor of 164244834 and 1053.
1053
What is the highest common factor of 1170 and 6169800?
390
What is the highest common divisor of 761157 and 567?
81
What is the greatest common divisor of 4489932 and 12?
12
What is the highest common divisor of 105699888 and 392?
56
What is the greatest common factor of 1354 and 33313139?
677
Calculate the greatest common factor of 134541 and 498753.
1359
What is the greatest common factor of 2988 and 36938818?
166
What is the greatest common factor of 4256054 and 8342?
86
Calculate the greatest common factor of 9480210 and 46440.
1290
Calculate the greatest common factor of 52 and 5758516.
4
Calculate the greatest common divisor of 146769 and 261.
87
Calculate the highest common divisor of 190336 and 4208.
16
Calculate the highest common divisor of 41850 and 23186450.
1550
What is the greatest common factor of 165585 and 215010?
15
What is the greatest common divisor of 159844 and 2679632?
1796
Calculate the greatest common divisor of 6223314 and 19479.
453
What is the highest common divisor of 718584 and 1738?
158
Calculate the highest common divisor of 9509 and 2587733.
257
Calculate the greatest common factor of 2912772 and 4.
4
What is the greatest common factor of 17852777 and 377?
29
Calculate the highest common divisor of 4632610 and 90.
10
Calculate the highest common divisor of 1799 and 3251821.
257
Calculate the greatest common divisor of 22056 and 183886386.
5514
Calculate the highest common divisor of 10640 and 193494000.
560
What is the greatest common factor of 49168 and 43541776?
7024
What is the highest common factor of 48 and 23942784?
48
What is the greatest common divisor of 11464 and 21281483?
1433
Calculate the highest common divisor of 5373 and 1451.
1
What is the greatest common divisor of 55 and 31687205?
55
Calculate the greatest common factor of 159515884 and 220.
44
Calculate the highest common divisor of 40271244 and 4329.
1443
Calculate the highest common divisor of 546 and 945873474.
546
What is the greatest common divisor of 59607 and 334998?
333
What is the highest common divisor of 8 and 1599622?
2
Calculate the highest common divisor of 1558164 and 452148.
492
Calculate the highest common divisor of 78 and 8473114.
26
What is the greatest common divisor of 2071 and 9234807?
109
What is the highest common divisor of 68553 and 6606?
9
What is the greatest common factor of 591211 and 58931?
1901
Calculate the highest common factor of 2217 and 1819418.
739
What is the greatest common factor of 7579 and 19719604?
53
What is the highest common factor of 8121564 and 1584?
396
Calculate the highest common divisor of 3520 and 531560.
40
What is the highest common divisor of 1061843610 and 30?
30
Calculate the highest common factor of 5775 and 1378650.
525
What is the highest common divisor of 153046 and 12993346?
2594
Calculate the highest common divisor of 245 and 144847395.
35
What is the highest common divisor of 767 and 7843106?
59
Calculate the highest common divisor of 123210951 and 323.
17
Calculate the greatest common factor of 451 and 2987039.
11
What is the highest common divisor of 255417696 and 32?
32
Calculate the highest common divisor of 251389377 and 2421.
2421
Calculate the highest common divisor of 54 and 4408182.
54
Calculate the highest common factor of 91640 and 908816.
632
What is the highest common factor of 362 and 24851?
1
Calculate the highest common divisor of 5733708 and 36.
12
What is the highest common divisor of 4212 and 2481?
3
Calculate the highest common factor of 5937734 and 18.
2
What is the greatest common factor of 260 and 7737145?
65
What is the highest common divisor of 596758 and 828?
46
What is the highest common divisor of 150190625 and 3125?
3125
Calculate the greatest common factor of 19070090 and 8398.
442
Calculate the highest common factor of 670 and 58138915.
335
What is the highest common factor of 17 and 720986762?
17
Calculate the greatest common factor of 2045780 and 26554.
374
Calculate the highest common factor of 18856 and 44496.
8
Calculate the highest common divisor of 673972 and 140608.
676
What is the highest common divisor of 451072000 and 4000?
4000
Calculate the highest common factor of 59 and 121780189.
59
Calculate the greatest common divisor of 3345 and 177005135.
1115
What is the greatest common factor of 83025 and 695155?
205
Calculate the greatest common factor of 7 and 19008199.
7
What is the greatest common divisor of 68215146 and 178275?
7131
Calculate the greatest common factor of 338111 and 55091.
89
What is the highest common factor of 6960 and 12137486?
58
What is the greatest common divisor of 10 and 21907480?
10
Calculate the highest common factor of 1707874 and 432838.
602
Calculate the highest common divisor of 18308522 and 16.
2
Calculate the highest common factor of 13875774 and 510.
102
What is the greatest common divisor of 52268259 and 874?
437
Calculate the highest common factor of 8484912 and 7776.
1296
What is the highest common factor of 99804867 and 277575?
11103
What is the highest common factor of 152 and 59022569?
19
What is the highest common factor of 90 and 102469230?
90
What is the highest common divisor of 6921130 and 116070?
730
Calculate the highest common divisor of 25 and 43297175.
25
What is the greatest common factor of 185870 and 13?
1
Calculate the highest common factor of 1539580 and 1835540.
980
What is the greatest common factor of 267 and 3311535?
3
What is the greatest common divisor of 295040479 and 37?
37
What is the greatest common divisor of 31162 and 2182?
2
What is the greatest common divisor of 161184 and 7596672?
7008
What is the greatest common factor of 90833574 and 390?
78
What is the highest common factor of 60 and 157997145?
15
What is the greatest common divisor of 246939 and 35574?
231
What is the highest common divisor of 1296 and 16432224?
48
Calculate the greatest common factor of 24819819 and 267873.
9237
What is the greatest common divisor of 411191 and 45056?
11
Calculate the highest common factor of 76 and 18459412.
76
Calculate the highest common factor of 12351500 and 1350.
50
What is the greatest common divisor of 46 and 68200405?
23
What is the greatest common divisor of 56051248 and 66?
22
What is the highest common factor of 1376 and 278528?
32
What is the greatest common divisor of 188569 and 2197999?
269
Calculate the highest common divisor of 421 and 366.
1
What is the highest common factor of 24457 and 52799?
37
What is the highest common divisor of 96 and 52426?
2
What is the highest common divisor of 246729 and 2835?
21
What is 